 + 4*t(n). Determine o(-3).
-1
Let m(x) = -77*x + x**2 + 3 + 150*x + 0*x**2 - 79*x. Let i = 2 - -3. Determine m(i).
-2
Let k(c) = -5*c**2 - 36*c - 26. Let l be k(-7). Let a(f) = f + 13. What is a(l)?
-6
Let k(j) = -6*j**3 - 14*j**2 + 5*j - 8. Let t(x) = -x**3 - x**2 + 2*x - 2. Let w(b) = k(b) - 5*t(b). What is w(-8)?
-22
Suppose -9 = -n - 2*n. Suppose n*i - 9 = 6. Let x(c) = -3*c + 7. Calculate x(i).
-8
Let x(n) be the first derivative of -n**3/3 - 7*n**2 - 29*n - 862. Give x(-7).
20
Let y be (-8)/(-2)*(8 + -7). Suppose 5*n - 35 = -5*d, y*n = 2*d - 3 + 1. Let i(k) = 2*k - 2. Let p(c) = c - 1. Let j(g) = -6*i(g) + 13*p(g). Calculate j(d).
4
Let l(b) = -11*b**3 + 3*b**2 - 3*b + 1. Let w = -4 - -9. Let p(s) = 11*s**3 - 4*s**2 + 4*s - 1. Let t(r) = w*l(r) + 4*p(r). Determine t(-1).
10
Suppose -10*t = 23 + 37. Let z(j) = -j**2 - 6*j + 1. Give z(t).
1
Let c be (-2)/4*1*-4. Suppose -2*v + c = 5*h - 22, -3*v + 15 = 4*h. Let u(p) = -p + 1. Let s(x) = -2*x + 2. Let k(d) = s(d) - 3*u(d). What is k(h)?
5
Let j(p) = -p - 4. Let m(o) = 2*o - 10. Let r be m(5). Let k be -4 - (r/1)/(-2). Let q be j(k). Let b(i) = i**2 + i - 6. Determine b(q).
-6
Suppose 253 = 10*l + 13*l. Let g(m) = m**2 - 11*m + 6. Determine g(l).
6
Let d(b) be the first derivative of b**6/180 + b**5/20 + b**4/6 + 7*b**3/3 - 5. Let h(i) be the third derivative of d(i). Calculate h(-4).
12
Let f(q) = -3*q**3 + 2*q**2 + 2*q. Let k be f(-1). Let i(x) = -2*x - 8 + 1 - k + 0*x. Determine i(-7).
4
Let c(m) = 4 - 21*m - 12*m**2 + 0 - 9 - 8 - m**3 - 1. Determine c(-10).
-4
Let i be 4*(-3)/(-12) + -13. Let k(o) = o**2 + 11*o - 16. Determine k(i).
-4
Let v be (15 + -6)*(-1)/3. Let f(x) be the second derivative of -6*x - 1/20*x**5 - 1/3*x**3 + x**2 + 0 - 5/12*x**4. Give f(v).
-10
Let k(i) be the first derivative of i**3/3 + 11*i**2/2 - 18*i - 16. Determine k(-11).
-18
Let j = -159 - -166. Let k(g) = -g**3 + 8*g**2 - 6*g - 8. Give k(j).
-1
Let o(y) = 14*y + 6 - 7 + 4*y + 1. What is o(-1)?
-18
Let s(d) be the first derivative of -d**2 - 4*d + 24. Let a(l) = -l**2 - 9*l - 14. Let v be a(-8). Give s(v).
8
Let c(g) = 4*g + 7. Let v(l) = l + 1. Let x(h) = -c(h) + 5*v(h). Suppose z + 46 = 3*z. Suppose -2*f - z = -17. What is x(f)?
-5
Let f(l) = 14*l - 10 + l**2 - 12 - 14. Let j be f(-16). Let t(m) = -m**2 - 4*m - 2. Give t(j).
-2
Suppose 5*x + 9*i + 5 = 4*i, -25 = 4*x - 3*i. Let a be (-1 - (-27)/6) + 2/x. Let y(r) = -2*r - 2. What is y(a)?
-8
Let r(t) be the first derivative of -t**6/120 + 13*t**5/60 - t**4/2 - 7*t**3/6 - t**2 + 30. Let i(h) be the second derivative of r(h). Calculate i(12).
-7
Let p(n) be the first derivative of 5*n**3/3 - 3*n**2/2 - 3*n - 290. Determine p(3).
33
Let f(u) = u**2 - 5*u + 2. Let r be ((-6)/9)/((-14)/(-21)). Let i(q) = q**2 - q. Let g(j) = r*f(j) + 2*i(j). Calculate g(-3).
-2
Let i = -287 - -280. Let v(s) = s**2 + 5*s - 8. What is v(i)?
6
Let p(z) = -7*z**3 - 8*z**2 + 5*z + 30. Let b(j) = -13*j**3 - 15*j**2 + 11*j + 60. Let o(d) = -6*b(d) + 11*p(d). What is o(-3)?
-6
Let q(a) be the first derivative of -a**3 - 4*a**2 + 2*a + 29. What is q(-3)?
-1
Let l(a) = a**2 + 4*a + 3. Let v be l(0). Let x(c) = -8*c + 0*c + v*c + c. What is x(1)?
-4
Let u(f) be the third derivative of f**5/3 + f**4/24 - 431*f**2. Give u(1).
21
Let t(z) = z + 8*z + 1 - 5*z. Let w(a) = -a**3 - 28*a**2 - 76*a - 21. Let d be w(-25). Give t(d).
17
Let y(k) = 7 - 9 + 7*k + 4 - 2 + 3. Determine y(-1).
-4
Let s(o) = -o**3 + o - 1. Let c(t) = 5*t**3 - 5*t**2 + 5. Let a(q) = c(q) + 4*s(q). Let u = 7 + -15. Let b be (-34)/u - (-8)/(-32). Calculate a(b).
1
Let m(t) = 157*t + t**3 - 82*t - 79*t + 3*t**2 - t**2. Give m(-3).
3
Let v = -1 + 1. Let n(y) = -10 - 3 + 3*y + 11*y - 13*y. Determine n(v).
-13
Let x(v) = -10*v - 11. Let m(g) = 19*g + 21. Let q(s) = 6*m(s) + 11*x(s). What is q(-4)?
-11
Let s(a) be the second derivative of -5*a**4/6 - a**3/6 + 17*a - 1. Let p be (-1)/4 + 3/(-4). Calculate s(p).
-9
Suppose -q + 12*q - 869 = 0. Let y = q - 77. Let t(v) = 2*v**2 - 2. Give t(y).
6
Let n(w) = 0*w - w + w + w. Let r(x) = 3*x + 3. Let p(o) = 2*n(o) - r(o). Let k be p(-10). Let v(u) = 2*u - 5. What is v(k)?
9
Let q(d) = -6*d - 33 + 0*d + 33. Give q(-5).
30
Let s(p) = p - 4. Let r be s(4). Let m(j) = 3*j - 9. Let c be m(2). Let t(d) = 2*d + 1. Let a(h) = -h. Let l(z) = c*t(z) - 5*a(z). Determine l(r).
-3
Suppose -2*k + 3*k + 11 = -4*l, 3*k = -l. Let o(n) = -148 + 226 - 76 + n. Determine o(l).
-1
Let m(k) = -44*k**2 - 42*k**2 + 132*k**2 + 1 - 48*k**2. Let f be m(-2). Let y(w) = -w - 9. Give y(f).
-2
Let h(k) be the first derivative of k**3/3 + 2*k**2 + 2*k + 281. What is h(-4)?
2
Let s(d) = -6*d + 2. Let m(p) = -9*p + 6. Let r(w) = -7*w + 5. Let h(k) = -3*m(k) + 4*r(k). Let c(u) = 5*h(u) - s(u). Give c(-5).
3
Let v(n) = -2*n. Let q(k) = -k. Let o(u) = -3*q(u) + 2*v(u). Let x be o(-3). Let h(d) = d**3 - 3*d**2 - 2*d + 2. Calculate h(x).
-4
Let u(v) be the second derivative of v**3/2 - v**2 - v - 3. Determine u(3).
7
Let c(b) be the second derivative of -2*b**3/3 + b**2/2 + 6*b - 9. What is c(5)?
-19
Let n = -37 - -41. Suppose n*d = -25 + 9. Let s(q) = q**3 + 5*q**2 + 4*q + 6. Determine s(d).
6
Let w = -34 + 42. Let r(d) be the second derivative of d**5/20 - 2*d**4/3 + d**3/6 - 3*d**2/2 + 62*d. What is r(w)?
5
Let z(g) = -2*g**3 - 3*g**2 + 11*g - 10. Let c(k) = -k**3 - k**2 + 5*k - 4. Let x(q) = -9*c(q) + 4*z(q). Let o = 10 + -6. Give x(o).
8
Let a(j) = -5*j - 8 + 0*j + 5 + 7*j - 2. Suppose 2*u + 6 = u. Determine a(u).
-17
Let v be (0 + -6)*52/39. Let z be 9/12 - 2/v. Suppose -1 = u, -2*l - l + 2*u = z. Let f(m) = 4*m**2 + 1. What is f(l)?
5
Let w be ((-4 - -7)/3)/1 + 3. Let f(b) be the first derivative of 1/4*b**w + 5*b + 1/3*b**3 + 0*b**2 - 2. Give f(0).
5
Let a(c) = 2*c**2 + 3*c + 5. Let u(j) = -7*j**2 - 12*j - 19. Let w(r) = -11*a(r) - 3*u(r). Determine w(4).
-2
Suppose 0*g + 20 = 5*g. Let z(b) = 1 - g*b - b**3 + 6*b + 2*b + 3*b**2. Calculate z(4).
1
Suppose -3*p + 7*p - 18 = -g, p + 5*g = -5. Let l(m) be the third derivative of -m**6/120 + m**5/12 - m**4/8 + m**3/2 - m**2 + 107. Determine l(p).
-12
Let x = 5 - 10. Suppose s + 5*m + 7 = 0, -1 = -5*s + 2*m + 18. Let v(w) = -2*w - 3 - s*w - w**2 + 0*w. Calculate v(x).
-3
Let l = 323 - 320. Let a(p) be the first derivative of 7 - 7/3*p**3 + 0*p + l*p**2 + 1/4*p**4. Determine a(6).
0
Let b(x) = 340*x**2 - 348*x**2 + 0*x**3 - 12 - 5*x**3 + 6*x + 4*x**3. Calculate b(-9).
15
Let u(f) = -4*f - 6. Let m(d) = d**3 - 20*d**2 + 21*d - 43. Let q be m(19). Calculate u(q).
14
Let q(a) = a**3 + 4*a**2 - 2*a - 2. Let n(s) = -40*s**3. Let i be n(-1). Let b = 35 - i. Determine q(b).
-17
Let p(i) = -5*i**2 + i - 1. Let n(b) = -9*b**2 + 3*b - 3. Let d(x) = 4*n(x) - 7*p(x). Let q be (-7*8/224)/((-1)/20). What is d(q)?
-5
Let m(z) = z**2 - z - 3. Suppose 0*n - 3*x = 2*n - 26, 0 = -5*n + 3*x + 65. Suppose -k + 2*v = n, -5*k + 7 = -v + 36. Determine m(k).
27
Suppose -5*z + 9*l - 4*l = 10, 0 = l + 2. Let w(c) = -c**2 - 7*c - 2. What is w(z)?
10
Let g = -25 + 58. Let f(q) = -3*q**3 - g*q**2 + 33*q**2 + 1. Suppose -4*d + 0 - 4 = 0. Calculate f(d).
4
Let n(r) = 0*r - 23*r + 12*r. Give n(-3).
33
Let k(y) be the third derivative of y**5/60 + y**4/24 - y**3 + 2*y**2 + 12*y. Calculate k(0).
-6
Let p(t) be the first derivative of -t**2 - 24*t + 192. Calculate p(-8).
-8
Let i(t) be the first derivative of -t**4/4 - 3*t**3 + t**2/2 + 2*t - 351. Determine i(-9).
-7
Let g(a) = -48*a + 50. Let s be g(1). Let w(u) = 2*u - 1. Give w(s).
3
Let j = 162 + -152. Let p(c) = -c**2 + 10*c. Calculate p(j).
0
Let k(j) = j**2 - 9*j - 3. Suppose -4*o - 26 = -3*a, -2*a - 5*o = -7*o - 18. Calculate k(a).
7
Let r(q) = -q**3 + 4*q**2 + 2*q - 4. Let y = -14 + 17. Let g be r(y). Suppose -4*z = -3*t - 8, g = z + 4*t - 10. Let a(f) = f**2 - 3*f + 5. Calculate a(z).
15
Suppose -5*x = -5*r - 0 - 15, r - 13 = -3*x. Let n(a) = -7*a**2 + 2*a - 1. Give n(r).
-6
Let d(y) = 2*y**3 + 7*y**2 - 12. Let t(s) = s**3 - s**2 + s - 2. Let g(m) = -d(m) + t(m). What is g(-8)?
2
Let c(d) be the second derivative of -d**3 - 2*d. Suppose -10 = -q - 9. Give c(q).
-6
Let m(p) = -15 - 7*p + p + p**2 + 5. Suppose n + 4 = 0, 2*h = -7*n + 9*n + 22. What is m(h)?
-3
Let t(n) = n**3 + 4*n**2 + 5*n + 4. Let s(b) = b**3 - 31*b**2 + 57*b + 26. Let v be s(29).